 by 0*(-4)/8 + 29?
28
Suppose -21*a + 16*a = -300. Calculate the remainder when a is divided by 9.
6
Suppose -70*j - 13 = -71*j - 4. Let s(n) = -n**3 - 7*n**2 - 7*n - 9. Let a be s(-6). Let g = 3 - a. What is the remainder when j is divided by g?
3
Let r(c) = c**2 + 4*c - 2. Let s be r(-5). Suppose 7*f - 8*f + s = 0. Suppose -178 = -f*w + 233. Calculate the remainder when w is divided by 35.
32
Let n(i) = -2*i**2 + 3. Let d be n(-3). Let q be 10/d - 1060/(-6). Suppose -q = -3*v + 145. Calculate the remainder when v is divided by 36.
35
Let b(h) = 77*h - 5. Let j be b(2). Let n = j + -68. Suppose -q + 3 = -18. What is the remainder when n is divided by q?
18
Let u be 62 - (2 + -2 + 3). Suppose -2*m = -9 - u. Calculate the remainder when m is divided by 18.
16
Suppose 2*l + 4*r = 5*r + 51, -4*l - 3*r + 77 = 0. Suppose -15 = -2*b + 3*m - 4, 4*m = 20. What is the remainder when l is divided by b?
10
Let m(o) = 11*o - 10. Let c be m(4). Let a = -13 + c. Suppose -45 + 9 = -5*q - p, 4*p + 32 = 2*q. What is the remainder when a is divided by q?
5
Let x = 6 - -3. Let m = x - -6. What is the remainder when 27 is divided by m?
12
Let z(m) = m**2 + 8*m - 28. What is the remainder when 64 is divided by z(3)?
4
Suppose 0 = -4*d - d + 5*c + 430, 3*c = 4*d - 344. Suppose 56 = 4*q - 4*f, q - f - 17 = f. What is the remainder when d/4*(-2)/(-1) is divided by q?
10
Let b be (2 - 4) + 3 + -2. Let t = b + 9. Calculate the remainder when (2 + 17)/1 - -4 is divided by t.
7
Suppose -22 = 4*q - 5*q. Suppose 3*x + 375 + 201 = 3*a, 4*a - 2*x - 764 = 0. Let u = -105 + a. Calculate the remainder when u is divided by q.
19
Let c = -302 + 389. What is the remainder when c is divided by 66/2*(-9)/(-27)?
10
Let d = -55 + 143. Calculate the remainder when d/(-6)*15/(-10) is divided by 8.
6
Suppose -21*g + 2413 = -2*g. What is the remainder when g is divided by 13?
10
Suppose -3*z = z - 8. Suppose -5*n + 663 = -2*q, -z*n - 3*n - q + 666 = 0. What is the remainder when n is divided by 34?
31
Let o(b) = b**3 - 32*b**2 + 4*b - 20. Calculate the remainder when o(32) is divided by 31.
15
Let d(h) be the second derivative of -h**5/20 - h**4/6 - h**3/6 - 11*h**2/2 + 5*h. Let a(q) = -3*q - 3. Calculate the remainder when d(-5) is divided by a(-7).
15
Let s(c) = -c + 91. Calculate the remainder when 129 is divided by s(11).
49
Let b(m) = 8 - 14 + 3*m**2 + 10*m - 2*m + 9. Calculate the remainder when 56 is divided by b(-4).
18
What is the remainder when (0 - (-117)/(-45))/(2/(-50)) is divided by 26?
13
Let m(v) = v**3 - 2*v + 12. Let y be m(0). Suppose -b + 4*n = -0 + 8, -5*n + 4 = -2*b. What is the remainder when 4/y - (-195)/9 is divided by b?
6
Let h(w) = -2*w**2 - 4*w + 52. What is the remainder when h(0) is divided by 500/18 + (-10)/(-45)?
24
Let k(y) = 18*y**3 - 3*y**2 + 3*y - 1. Let m be k(2). Let r = m + -103. What is the remainder when 61 is divided by r?
27
Suppose i - 3*w - 165 = 0, -17 + 13 = -w. Calculate the remainder when i is divided by 46.
39
Let k(m) = -m**3 + 21*m**2 + 6*m + 10. Let w(j) = -j**3 + 20*j**2 + 5*j + 10. Let x(o) = -5*k(o) + 6*w(o). Calculate the remainder when 57 is divided by x(15).
7
Let h(c) = 2*c + 0*c + 39 - 19. Calculate the remainder when h(11) is divided by 9.
6
Let b = -28 - -25. Let g(c) = c**3 + 8*c**2 + 5*c. Calculate the remainder when g(-4) is divided by b/((-3)/14) - (-17 + 15).
12
Suppose -21*n - 2236 = -73*n. Calculate the remainder when 164 is divided by n.
35
Let b(x) = -14*x + 2. Let f be 56 - -2 - 0/(-1). Suppose -m = m - f. What is the remainder when m is divided by b(-1)?
13
Let n = -833 - -1180. Calculate the remainder when n is divided by 21.
11
Suppose 168 = -11*h + 509. What is the remainder when 151 is divided by h?
27
Let o = 135 - 127. Suppose o*j - 84 = 2*j. What is the remainder when 33 is divided by j?
5
Suppose 3*x + 6 = 4*s, -s + 2*x - 13 = -4*s. Suppose -4*c - c + s*m = -113, -2*c = -3*m - 47. What is the remainder when 43 is divided by c?
21
Suppose -x = 2*v + 25, 0 = -2*v + v + 2*x. Let o be 4 + (2 - 3) - (-2 - 18). Let k = v + o. What is the remainder when k is divided by 4?
1
Suppose -5*r + 140 = -4*g + 59, -55 = -3*r + 4*g. Let h(y) = 2*y - 3. Let i be h(5). Suppose -i + 0 = -n. Calculate the remainder when r is divided by n.
6
Let v(b) = -b**3 - 9*b**2 - 9*b - 9. Let a be v(-8). Let m be (a - -3)*(3 - 4). Calculate the remainder when 69 is divided by (m/(-4))/((-19)/(-456)).
9
Let v be 1 - ((-54)/(-5))/((-8)/(-40)). Let x = v + 65. Calculate the remainder when x is divided by 3.
0
Let r(h) = -h**3 - 10*h**2 + 22*h - 8. Let m = 10 - 22. Calculate the remainder when 57 is divided by r(m).
9
Suppose 0 = 7*d - 5*d. What is the remainder when 12*1 - (3 + d + -2) is divided by 6?
5
Let d(b) = b**2 - b - 28. Let g be d(0). Let i = -8 - g. Suppose -14*f = 11*f - 1475. What is the remainder when f is divided by i?
19
Let z = 132 - -170. What is the remainder when z is divided by 76?
74
Let c(p) = p**3 + 11*p**2 - 12*p + 17. Let h(w) = 7*w**2 - 2*w + 8. Let b be h(6). Suppose b = 4*s - 12. Calculate the remainder when s is divided by c(-12).
14
Let f(n) = 91*n**2 - 3*n + 1. Calculate the remainder when f(2) is divided by 61.
54
Let b(f) = -15 + f**3 - 87*f**2 + 11*f + 4 + 97*f**2. What is the remainder when b(-8) is divided by 16?
13
Let j(s) = -s**2 - 32*s - 48. Calculate the remainder when 49 is divided by j(-30).
1
Let f = 917 - 498. Calculate the remainder when f is divided by 35.
34
Let o be 1 - -3 - (-4 + 3). Suppose 3*x + 4*n = 13, n + o = x + x. Suppose -3*z = 5*g - x*g - 21, 2*g + 9 = 3*z. What is the remainder when 18 is divided by z?
3
Let n(z) = z**3 - 3*z**2 - 4*z + 2. Suppose 6 = -2*p, 27*y - 28*y + 5*p + 17 = 0. Calculate the remainder when y is divided by n(4).
0
Let g(m) = -m - 8. Let b be g(-14). What is the remainder when 56 is divided by b/(-5)*(-1 - (-46)/(-4))?
11
Let i(y) = y**2 + 3*y + 5. Let u be i(-7). Calculate the remainder when 113 is divided by 174/(-4)*(-22)/u.
26
Let t(p) = -2*p**2 + 6*p + 2. Let b be t(3). Suppose -24 = -b*s + s. What is the remainder when s is divided by 13?
11
Suppose 5*f = 7*f. Suppose -2*h + 9 = 3*v, 3*h - 4 = 2*h - v. Suppose f = 8*o - h*o - 300. What is the remainder when o is divided by 21?
18
Let n = -73 - -76. Suppose n*j + 360 = 9*j. What is the remainder when j is divided by 32?
28
Let p(j) = -2*j + 15. Let h = -27 + 31. Calculate the remainder when 11 is divided by p(h).
4
Suppose 12 + 356 = 4*g. Calculate the remainder when 265 is divided by g.
81
Let r be (-112)/(-12)*(-36)/6. What is the remainder when 108 is divided by r*((-10)/(-4) - 3)?
24
Calculate the remainder when ((-2)/(-8))/((-6)/8)*-3339 is divided by 12.
9
Let k(f) = -3*f - 49. Suppose 3*x - 291 = -3*w, 110 = 3*w - 5*x - 149. Calculate the remainder when w is divided by k(-27).
29
Suppose 4*l + 4*r - 29 = 5*l, 0 = 2*l + 3*r + 14. Let q = l + 118. What is the remainder when q is divided by 27?
24
Suppose 5*n + 3*j = 855, 3*j - 5*j + 850 = 5*n. Suppose -u - 2*c + 39 = 0, 164 = 4*u + 9*c - 5*c. What is the remainder when n is divided by u?
39
Suppose 27*l - 768 = -5*l. What is the remainder when 45 is divided by l?
21
Let j = -12 + 28. Suppose -2 = v - j. What is the remainder when 25 is divided by v?
11
Let k be 3/12 - 7/(-4). Let b be (9/(-12))/(2/(-80)). What is the remainder when 17 is divided by (b*k/3)/2?
7
What is the remainder when 90 is divided by -1 - (18 + -12)/((-4)/18)?
12
Let m(k) = k**2 - 5*k - 5. Let u be m(5). Let s be -10 + 7 + u + 2. What is the remainder when 13 is divided by 9/s*(-16)/3?
5
Let h(v) = v**2 - 18*v + 88. Calculate the remainder when h(16) is divided by 8.
0
Suppose 0 = -0*i - 5*i - 3*i. Suppose -q + 14 - 10 = i. What is the remainder when 5 is divided by q?
1
Suppose 2*c + p - 77 = 0, -3*c - 4*p + 123 = -5*p. Calculate the remainder when 98 is divided by c.
18
Suppose -42 = 5*i + 5*w - 127, -5*i - w + 81 = 0. What is the remainder when 114 is divided by i?
2
Suppose 2*l = 5*y + 204, 3*l + 57 = -y - 2*l. Calculate the remainder when (y/(-4))/(-7)*148/(-6) is divided by 8.
5
Let i(j) = j**3 + 3*j**2 + 2*j + 2. Let n be i(-2). Suppose -n*f + 4*f = -74. Calculate the remainder when 1 - 4 - f - 0 is divided by 12.
10
Let p(m) = 15*m + 1. Let x be p(1). Suppose s = x -